{"id":187,"date":"2025-12-01T18:36:25","date_gmt":"2025-12-01T18:36:25","guid":{"rendered":"https:\/\/canicasworldikerarnosi.bernat26.es\/?post_type=product&#038;p=187"},"modified":"2025-12-01T18:36:25","modified_gmt":"2025-12-01T18:36:25","slug":"pack-canicas-12u-multicolor","status":"publish","type":"product","link":"https:\/\/canicasworldikerarnosi.bernat26.es\/?product=pack-canicas-12u-multicolor","title":{"rendered":"Pack canicas multicolor 12u"},"content":{"rendered":"<h2 data-start=\"822\" data-end=\"869\"><strong data-start=\"825\" data-end=\"869\">Descripci\u00f3n del Pack Canicas Cl\u00e1sicas<\/strong><\/h2>\n<p data-start=\"870\" data-end=\"1112\">Este pack de canicas de cristal est\u00e1 compuesto por 12 unidades con colores y patrones variados. Cada canica est\u00e1 fabricada con cristal de alta resistencia, lo que garantiza durabilidad y una est\u00e9tica atractiva para jugadores y coleccionistas.<\/p>\n<h2 data-start=\"1114\" data-end=\"1149\"><strong data-start=\"1117\" data-end=\"1149\">Caracter\u00edsticas del producto<\/strong><\/h2>\n<ul data-start=\"1150\" data-end=\"1415\">\n<li data-start=\"1150\" data-end=\"1185\">\n<p data-start=\"1152\" data-end=\"1185\">Contiene 12 canicas de cristal.<\/p>\n<\/li>\n<li data-start=\"1186\" data-end=\"1228\">\n<p data-start=\"1188\" data-end=\"1228\">Dise\u00f1os variados y colores brillantes.<\/p>\n<\/li>\n<li data-start=\"1229\" data-end=\"1280\">\n<p data-start=\"1231\" data-end=\"1280\">Tama\u00f1o est\u00e1ndar apto para juegos tradicionales.<\/p>\n<\/li>\n<li data-start=\"1281\" data-end=\"1316\">\n<p data-start=\"1283\" data-end=\"1316\">Material resistente y duradero.<\/p>\n<\/li>\n<li data-start=\"1317\" data-end=\"1377\">\n<p data-start=\"1319\" data-end=\"1377\">Adecuadas para uso infantil, coleccionismo o decoraci\u00f3n.<\/p>\n<\/li>\n<li data-start=\"1378\" data-end=\"1415\">\n<p data-start=\"1380\" data-end=\"1415\">Recomendado para mayores de 5 a\u00f1os.<\/p>\n<\/li>\n<\/ul>\n<h2 data-start=\"1417\" data-end=\"1447\"><strong data-start=\"1420\" data-end=\"1447\">Beneficios del producto<\/strong><\/h2>\n<p data-start=\"1448\" data-end=\"1663\">Las canicas ofrecen una experiencia de juego cl\u00e1sica, estimulando la concentraci\u00f3n, la precisi\u00f3n y la creatividad. Adem\u00e1s, su acabado llamativo permite usarlas como elemento decorativo o como parte de una colecci\u00f3n.<\/p>\n","protected":false},"excerpt":{"rendered":"<p>Pack canicas de 12 unidades de cristal con dise\u00f1os variados y fabricadas en material resistente. Ideales para juegos tradicionales, coleccionismo o decoraci\u00f3n.<\/p>\n","protected":false},"featured_media":188,"comment_status":"open","ping_status":"closed","template":"","meta":{"_uag_custom_page_level_css":"","site-sidebar-layout":"default","site-content-layout":"","ast-site-content-layout":"default","site-content-style":"default","site-sidebar-style":"default","ast-global-header-display":"","ast-banner-title-visibility":"","ast-main-header-display":"","ast-hfb-above-header-display":"","ast-hfb-below-header-display":"","ast-hfb-mobile-header-display":"","site-post-title":"","ast-breadcrumbs-content":"","ast-featured-img":"","footer-sml-layout":"","theme-transparent-header-meta":"default","adv-header-id-meta":"","stick-header-meta":"","header-above-stick-meta":"","header-main-stick-meta":"","header-below-stick-meta":"","astra-migrate-meta-layouts":"set","ast-page-background-enabled":"default","ast-page-background-meta":{"desktop":{"background-color":"var(--ast-global-color-5)","background-image":"","background-repeat":"repeat","background-position":"center center","background-size":"auto","background-attachment":"scroll","background-type":"","background-media":"","overlay-type":"","overlay-color":"","overlay-opacity":"","overlay-gradient":""},"tablet":{"background-color":"","background-image":"","background-repeat":"repeat","background-position":"center center","background-size":"auto","background-attachment":"scroll","background-type":"","background-media":"","overlay-type":"","overlay-color":"","overlay-opacity":"","overlay-gradient":""},"mobile":{"background-color":"","background-image":"","background-repeat":"repeat","background-position":"center center","background-size":"auto","background-attachment":"scroll","background-type":"","background-media":"","overlay-type":"","overlay-color":"","overlay-opacity":"","overlay-gradient":""}},"ast-content-background-meta":{"desktop":{"background-color":"var(--ast-global-color-4)","background-image":"","background-repeat":"repeat","background-position":"center center","background-size":"auto","background-attachment":"scroll","background-type":"","background-media":"","overlay-type":"","overlay-color":"","overlay-opacity":"","overlay-gradient":""},"tablet":{"background-color":"var(--ast-global-color-4)","background-image":"","background-repeat":"repeat","background-position":"center center","background-size":"auto","background-attachment":"scroll","background-type":"","background-media":"","overlay-type":"","overlay-color":"","overlay-opacity":"","overlay-gradient":""},"mobile":{"background-color":"var(--ast-global-color-4)","background-image":"","background-repeat":"repeat","background-position":"center center","background-size":"auto","background-attachment":"scroll","background-type":"","background-media":"","overlay-type":"","overlay-color":"","overlay-opacity":"","overlay-gradient":""}}},"product_brand":[27],"product_cat":[23],"product_tag":[],"class_list":{"0":"post-187","1":"product","2":"type-product","3":"status-publish","4":"has-post-thumbnail","6":"product_brand-vilac","7":"product_cat-pack-canicas","8":"desktop-align-left","9":"tablet-align-left","10":"mobile-align-left","12":"first","13":"instock","14":"taxable","15":"shipping-taxable","16":"purchasable","17":"product-type-simple"},"uagb_featured_image_src":{"full":["https:\/\/canicasworldikerarnosi.bernat26.es\/wp-content\/uploads\/2025\/12\/descarga-1.jpg",225,225,false],"thumbnail":["https:\/\/canicasworldikerarnosi.bernat26.es\/wp-content\/uploads\/2025\/12\/descarga-1-150x150.jpg",150,150,true],"medium":["https:\/\/canicasworldikerarnosi.bernat26.es\/wp-content\/uploads\/2025\/12\/descarga-1.jpg",225,225,false],"medium_large":["https:\/\/canicasworldikerarnosi.bernat26.es\/wp-content\/uploads\/2025\/12\/descarga-1.jpg",225,225,false],"large":["https:\/\/canicasworldikerarnosi.bernat26.es\/wp-content\/uploads\/2025\/12\/descarga-1.jpg",225,225,false],"1536x1536":["https:\/\/canicasworldikerarnosi.bernat26.es\/wp-content\/uploads\/2025\/12\/descarga-1.jpg",225,225,false],"2048x2048":["https:\/\/canicasworldikerarnosi.bernat26.es\/wp-content\/uploads\/2025\/12\/descarga-1.jpg",225,225,false],"mailpoet_newsletter_max":["https:\/\/canicasworldikerarnosi.bernat26.es\/wp-content\/uploads\/2025\/12\/descarga-1.jpg",225,225,false],"woocommerce_thumbnail":["https:\/\/canicasworldikerarnosi.bernat26.es\/wp-content\/uploads\/2025\/12\/descarga-1.jpg",225,225,false],"woocommerce_single":["https:\/\/canicasworldikerarnosi.bernat26.es\/wp-content\/uploads\/2025\/12\/descarga-1.jpg",225,225,false],"woocommerce_gallery_thumbnail":["https:\/\/canicasworldikerarnosi.bernat26.es\/wp-content\/uploads\/2025\/12\/descarga-1-100x100.jpg",100,100,true]},"uagb_author_info":{"display_name":"admin","author_link":"https:\/\/canicasworldikerarnosi.bernat26.es\/author"},"uagb_comment_info":0,"uagb_excerpt":"Pack canicas de 12 unidades de cristal con dise\u00f1os variados y fabricadas en material resistente. Ideales para juegos tradicionales, coleccionismo o decoraci\u00f3n.","jetpack_sharing_enabled":true,"_links":{"self":[{"href":"https:\/\/canicasworldikerarnosi.bernat26.es\/index.php?rest_route=\/wp\/v2\/product\/187","targetHints":{"allow":["GET"]}}],"collection":[{"href":"https:\/\/canicasworldikerarnosi.bernat26.es\/index.php?rest_route=\/wp\/v2\/product"}],"about":[{"href":"https:\/\/canicasworldikerarnosi.bernat26.es\/index.php?rest_route=\/wp\/v2\/types\/product"}],"replies":[{"embeddable":true,"href":"https:\/\/canicasworldikerarnosi.bernat26.es\/index.php?rest_route=%2Fwp%2Fv2%2Fcomments&post=187"}],"wp:featuredmedia":[{"embeddable":true,"href":"https:\/\/canicasworldikerarnosi.bernat26.es\/index.php?rest_route=\/wp\/v2\/media\/188"}],"wp:attachment":[{"href":"https:\/\/canicasworldikerarnosi.bernat26.es\/index.php?rest_route=%2Fwp%2Fv2%2Fmedia&parent=187"}],"wp:term":[{"taxonomy":"product_brand","embeddable":true,"href":"https:\/\/canicasworldikerarnosi.bernat26.es\/index.php?rest_route=%2Fwp%2Fv2%2Fproduct_brand&post=187"},{"taxonomy":"product_cat","embeddable":true,"href":"https:\/\/canicasworldikerarnosi.bernat26.es\/index.php?rest_route=%2Fwp%2Fv2%2Fproduct_cat&post=187"},{"taxonomy":"product_tag","embeddable":true,"href":"https:\/\/canicasworldikerarnosi.bernat26.es\/index.php?rest_route=%2Fwp%2Fv2%2Fproduct_tag&post=187"}],"curies":[{"name":"wp","href":"https:\/\/api.w.org\/{rel}","templated":true}]}}